8*c**2 + 2*c - 2. Calculate d(8).
14
Let g(z) = 2*z**3 + 2*z**2 - 4*z + 5. Give g(2).
21
Let f(y) = y**3 - 8*y**2 + 4*y - 19. Calculate f(8).
13
Let b(y) = -y**3 + 9*y**2 - 2. What is b(9)?
-2
Let g(p) = 3*p**2 - 2*p - 20. Give g(0).
-20
Let t(j) = -9*j - 51. Calculate t(-5).
-6
Let o(n) = 2*n**3 + 2*n**2 - 2*n - 2. Determine o(-2).
-6
Let v(z) = 66*z - 354. Give v(5).
-24
Let j(m) = -9*m**2 - 39*m - 5. Calculate j(-4).
7
Let f(k) = k**2 + 24*k + 38. Give f(-22).
-6
Let s(i) = -2*i + 30. What is s(13)?
4
Let k(r) = r**3 - 14*r**2 - 14*r - 12. Determine k(15).
3
Let p(y) = y**2 - 6*y + 4. Determine p(9).
31
Let k(o) = -o**2 + 18*o - 12. Give k(17).
5
Let w(a) = -5*a**2 + 7*a - 3. What is w(2)?
-9
Let b(s) = s**2 - 7*s - 8. What is b(6)?
-14
Let x(n) = -3*n - 14. What is x(-8)?
10
Let y(j) = 40*j - 173. Determine y(7).
107
Let x(a) = a**3 + a - 2. Calculate x(0).
-2
Let s(u) = 4*u**2 + 2*u - 1. Calculate s(1).
5
Let v(h) = h**3 + 11*h**2 - h - 12. Calculate v(-11).
-1
Let u(x) = x + 16. Determine u(-14).
2
Let l(t) = t**3 - 2*t**2 + 5*t - 3. Give l(1).
1
Let s(w) = -w**2 + w + 17. What is s(0)?
17
Let l(i) = -i - 7. Give l(-7).
0
Let i(y) = -2*y**2 - 3*y + 8. Determine i(-6).
-46
Let q(o) = -o**2 - 93*o - 278. What is q(-3)?
-8
Let a(v) = -3*v + 11. Give a(9).
-16
Let b(f) = -11*f + 6. What is b(1)?
-5
Let j(u) = -11*u + 123. Determine j(11).
2
Let g(f) = 2*f**3 - 57*f**2 - 22*f - 208. Determine g(29).
-5
Let x(d) = -d**2 + d - 7. Determine x(0).
-7
Let d(k) = -k**2 - 15*k - 5. Give d(-15).
-5
Let b(k) = 7*k - 40. What is b(6)?
2
Let h(r) = 5*r + 30. Give h(-6).
0
Let d(m) = -m - 3. Determine d(-6).
3
Let a(k) = -k**3 - 39*k**2 - 73*k + 39. Give a(-37).
2
Let d(r) = -r**2 + 11*r + 4. Give d(10).
14
Let h(s) = 6*s**2 - 6*s - 6. Give h(-4).
114
Let g(m) = 4*m + 37. Determine g(-12).
-11
Let c(p) = -p**3 - 34*p**2 - 6*p - 173. What is c(-34)?
31
Let f(t) = -3*t - 17. Give f(0).
-17
Let f(o) = -o - 35. Calculate f(-33).
-2
Let f(r) = 3*r - 19. Determine f(2).
-13
Let w(h) = -h**3 - 4*h**2 - h. Give w(-2).
-6
Let s(f) = -26*f**2 - 2*f - 3. Give s(-1).
-27
Let b(z) = 4*z - 1. What is b(4)?
15
Let x(n) = 11*n - 86. Determine x(8).
2
Let o(t) = -t**2 + 8*t + 67. Calculate o(13).
2
Let b(v) = -2*v**2 + 187*v - 888. Determine b(5).
-3
Let t(x) = -39*x**2. What is t(1)?
-39
Let u(i) = -i**3 - 2*i**2 - 16. Calculate u(0).
-16
Let g(o) = -6*o**3 - o**2 + 5*o + 5. What is g(-1)?
5
Let y(m) = 2*m + 1. What is y(-1)?
-1
Let v(p) = 2*p**2 - 13*p + 11. What is v(8)?
35
Let f(v) = v**3 + 9*v**2 - 9*v + 14. Calculate f(-10).
4
Let h(d) = -6*d**2 - d - 4. What is h(-3)?
-55
Let d(s) = 52*s - 1. Calculate d(1).
51
Let m(i) = -3*i**2 + 17*i - 45. Give m(4).
-25
Let x(h) = 3*h + 37. Determine x(-11).
4
Let y(p) = p - 1. Determine y(-4).
-5
Let r(j) = -8*j. Determine r(-2).
16
Let g(t) = t - 26. Calculate g(14).
-12
Let l(t) = 2*t - 1. Determine l(7).
13
Let r(y) = -13*y + 309. What is r(22)?
23
Let s(p) = -p - 8. Determine s(-14).
6
Let k(o) = o**2 + 21*o - 21. What is k(-21)?
-21
Let m(s) = s**3 - 5*s**2 - 7*s + 4. What is m(6)?
-2
Let v(g) = -g**2 + 37*g + 593. Calculate v(49).
5
Let f(c) = 2*c + 9. Give f(-9).
-9
Let c(f) = -42*f - 1. Calculate c(-1).
41
Let x(f) = f**2 + 12*f - 445. Calculate x(16).
3
Let m(r) = r**2 + 17*r + 24. Determine m(-16).
8
Let p(t) = -57*t**2 + 111*t + 4. What is p(2)?
-2
Let a(d) = d**3 - 8*d**2 - 7*d - 1. Determine a(9).
17
Let l(u) = 5*u**3 - u**2 + 3*u - 2. Calculate l(2).
40
Let a(n) = -n**2 - 15*n - 62. Calculate a(-10).
-12
Let l(u) = 2*u**3 + 58*u**2 - 2*u - 42. Give l(-29).
16
Let p(n) = -n**3 + 10*n**2 + 23*n + 11. What is p(12)?
-1
Let w(m) = 5*m**2 + 54*m - 3. What is w(-11)?
8
Let c(y) = -y**2 + 10*y + 20. What is c(11)?
9
Let g(r) = -r**3 + 13*r**2 - 12*r + 16. Give g(12).
16
Let j(l) = 3*l**2 - 9*l - 3. Give j(3).
-3
Let m(h) = 2*h**3 - 7*h**2 - 2*h + 4. Give m(2).
-12
Let p(x) = 5*x - 1. What is p(5)?
24
Let h(c) = 10*c + 19. What is h(0)?
19
Let r(q) = q**2 + 8*q - 23. What is r(-14)?
61
Let k(f) = 3*f**2 - f - 17. Determine k(3).
7
Let m(n) = n**3 + 4*n**2 - 8*n - 5. What is m(-4)?
27
Let s(q) = -47*q + 1. Calculate s(1).
-46
Let y(a) = -a**3 + 8*a**2 + 22*a - 21. Give y(10).
-1
Let q(y) = y**3 + 13*y**2 + 4*y - 3. Calculate q(-12).
93
Let s(m) = -m**2 + 4*m + 1. Calculate s(5).
-4
Let v(q) = q**3 + 3*q**2 - 7*q - 10. Give v(-2).
8
Let l(i) = -6*i + 167. What is l(27)?
5
Let y(a) = a**3 + 12*a**2 + 25. Determine y(-12).
25
Let z(l) = -l**3 - 59*l**2 - 272*l - 114. Give z(-54).
-6
Let d(q) = -q**3 + 2*q**2 + 3*q + 1. Calculate d(3).
1
Let o(i) = -14*i + 57. Calculate o(4).
1
Let b(x) = x**2 + 17*x + 19. Calculate b(-15).
-11
Let v(l) = -l**2 + 34*l - 46. Give v(33).
-13
Let u(d) = 8*d - 38. What is u(5)?
2
Let u(q) = -4*q + 199. Give u(51).
-5
Let j(o) = 2*o**2 - 67*o + 24. Calculate j(33).
-9
Let r(b) = -b**3 - 11*b**2 - 11*b - 2. Determine r(-10).
8
Let r(n) = n**2 + 5*n + 4. Calculate r(-7).
18
Let k(r) = 6*r**2 + r. Give k(-2).
22
Let r(k) = k**3 + 8*k**2 - 6*k + 5. Calculate r(-9).
-22
Let q(v) = -v + 28. Give q(0).
28
Let m(z) = z + 8. Calculate m(-10).
-2
Let t(p) = -p**2 + 6*p + 10. Calculate t(6).
10
Let u(b) = -b**3 - b - 13. Give u(0).
-13
Let f(p) = 5*p - 19. What is f(5)?
6
Let r(q) = -q - 17. Give r(-8).
-9
Let g(q) = q**3 - 5*q**2 + 5*q - 4. Give g(4).
0
Let l(v) = 99*v - 101. What is l(1)?
-2
Let o(q) = q**2 + q + 7. Determine o(5).
37
Let v(c) = -2*c**3 - 23*c**2 + 37*c - 37. Give v(-13).
-11
Let x(t) = 6*t + 39. Determine x(-17).
-63
Let q(p) = -42*p - 253. Determine q(-6).
-1
Let l(r) = r**3 - 40*r**2 - 83*r - 36. Give l(42).
6
Let n(c) = c**3 + 7*c**2 + 7*c + 8. Determine n(-6).
2
Let o(d) = -3*d + 93. Determine o(33).
-6
Let f(u) = -u**2 - 34*u - 198. Determine f(-8).
10
Let z(k) = -2*k + 4. Calculate z(-11).
26
Let h(m) = -3*m - 20. Give h(-6).
-2
Let w(g) = -g**2 - g + 28. What is w(6)?
-14
Let n(d) = -3*d**2 + 13*d + 3. What is n(5)?
-7
Let j(v) = -74*v**3 + v**2 - v. Determine j(1).
-74
Let n(g) = 2*g - 3. Calculate n(4).
5
Let n(f) = f**3 - 8*f**2 - 20*f - 4. Calculate n(10).
-4
Let z(b) = 4*b**2 - 4*b - 8. Give z(-4).
72
Let n(j) = j**3 - 6*j**2 + 9*j + 5. Calculate n(5).
25
Let w(i) = i**3 + 7*i**2 - i + 5. Give w(-7).
12
Let v(q) = q**3 - 10*q**2 + 28*q - 167. Determine v(9).
4
Let t(i) = 2*i**3 + 15*i**2 + i + 10. What is t(-8)?
-62
Let k(u) = u**3 + 15*u**2 + 12*u - 29. What is k(-14)?
-1
Let z(q) = -2*q**3 - 7*q**2 - 6*q - 7. What is z(-5)?
98
Let m(w) = 12*w + 18. Give m(-4).
-30
Let o(z) = z**2 + 2*z - 12. Calculate o(-9).
51
Let i(p) = -p**3 + 5*p**2 - 6*p. Give i(4).
-8
Let v(q) = -q**3 - 11*q**2 + 5*q - 84. Give v(-12).
0
Let h(j) = -j**2 - 18*j + 43. Calculate h(-20).
3
Let q(f) = -11*f**2 - 22*f + 23. Give q(1).
-10
Let r(g) = -g**3 - 4*g**2 + 4*g - 16. What is r(-5)?
-11
Let v(f) = 4*f**2 + 3*f + 26. Determine v(-6).
152
Let c(i) = i**2 - 43*i - 183. Calculate c(47).
5
Let r(g) = -37*g**2 - 4*g - 4. Determine r(-2).
-144
Let y(b) = -b**3 - 19*b**2 - b - 4. Give y(-19).
15
Let n(v) = -24*v + 2. Determine n(-3).
74
Let v(j) = -j**2 + 7*j + 3. Calculate v(4).
15
Let x(c) = 2*c**2 + 7*c. Give x(5).
85
Let n(o) = o**2 + 3*o + 4. Calculate n(0).
4
Let w(j) = 5*j + 2. Calculate w(3).
17
Let v(u) = 22*u - 43. Give v(-4).
-131
Let u(k) = -k**3 + 10*k**2 - k - 3. What is u(10)?
-13
Let a(g) = -14*g + 79. Give a(6).
-5
Let v(p) = -4*p**3 + 6*p**2 - 19*p + 5. What is v(2)?
-41
Let b(f) = 3*f**2 - 41*f - 13. Calculate b(14).
1
Let t(l) = 3*l - 64. Determine t(12).
-28
Let d(f) = f**3 + 23*f**2 - 24*f - 4. Calculate d(-24).
-4
Let z(n) = n**3 + 5*n**2 + 4*n - 2. Calculate z(-4).
-2
Let g(f) = f**2 + 6*f + 10. Give g(-5).
5
Let t(g) = -2*g**2 - 69*g - 154. Give t(-32).
6
Let u(d) = -3*d**3 + 22*d**2 - 8*d + 3. Determine u(7).
-4
Let v(g) = 23*g - 144. Calculate v(6).
-6
Let j(z) = -z**2 - 12*z - 11. Give j(-9).
16
Let q(f) = -3*f - 14. What is q(-3)?
-5
Let a(s) = 40*s**2 - 2*s + 4. Give a(2).
160
Let p(t) = -t**3 + 6*t**2 + t - 4. What is p(5)?
26
Let m(i) = -i**2 - 29*i - 155. Calculate m(-22).
-1
Let s(g) = -g**3 - 27*g**2 - 24*g + 41. Determine s(-26).
-11
Let y(n) = 4*n - 70. What is y(17)?
-2
Let n(a) = -a**3 - 12*a**2 - 12*a - 1. Calculate n(-11).
10
Let a(c) = 8*c + 10. Determine a(-1